5 a factor of c?
True
Let p be -2*(-46)/4 - (-18 - -14). Does 20 divide -30*30/p*-3?
True
Let z(b) = 25*b + 4 - 7 - 10*b - 19. Suppose h + 3*h = j - 13, -2*j + 26 = 3*h. Is z(j) a multiple of 17?
False
Suppose -11*d + 6*d + 2*w + 50242 = 0, -10050 = -d + 2*w. Is d a multiple of 64?
True
Suppose 0*p - 3*p + 5*s = -1537, p = -3*s + 489. Suppose 21*b - 7539 = p. Is 20 a factor of b?
False
Suppose -38*p + 956 - 12796 = -p. Let n = -105 - 108. Let v = n - p. Is 18 a factor of v?
False
Let b be (-112)/(-21)*6/4. Let g(h) = 0*h - 4*h + b*h + 2*h**3 - h**2 + 0*h. Is g(2) a multiple of 4?
True
Suppose -3*v - 2*v + 2*b + 162 = 0, -3*v - 2*b + 94 = 0. Let i be ((v/(-3))/(-4))/((-6)/(-9)). Suppose i*j = -j + 180. Does 6 divide j?
True
Suppose -27*q + 14*q = 4*q - 83215. Does 16 divide q?
False
Suppose 24 = -5*w - 2*a, 16 + 17 = -5*w + a. Let p be (-10)/(3*(2 - (-16)/w)). Suppose p*d + 160 = 5*z + 4*d, 4*d = 0. Is z a multiple of 12?
False
Let b = 18 - 13. Suppose -b*u + 587 = -473. Does 53 divide u?
True
Let s(u) = -u - 18. Let f be s(-13). Suppose 0*x + 3*x = -15, m + 3*x = -23. Is 58 a factor of ((-4)/(-7))/(f*m/4060)?
True
Let p(v) = 3*v**3 - 10*v**2 + 24*v - 287. Does 23 divide p(11)?
True
Let a = -17193 - -24977. Is a a multiple of 14?
True
Is 10 a factor of ((-4)/(160/(-30)))/(4/(5 + 17755))?
True
Let x = -2281 + 2523. Is 11 a factor of x?
True
Suppose -4*i = 3*k + 34, 2*k + 40 = -2*k - 4*i. Is k - -10 - -1 - -24 a multiple of 2?
False
Suppose -53*k = -58*k + 860. Let d = 519 - k. Is d a multiple of 46?
False
Let x(i) = 1655*i - 5903. Is x(9) a multiple of 8?
True
Let o(j) = 61*j**2 + 3*j - 8. Let a(r) = 61*r**2 + 2*r - 8. Let g(t) = 5*a(t) - 4*o(t). Does 16 divide g(4)?
True
Suppose -46*v + 23766 + 9768 = 0. Is v a multiple of 27?
True
Suppose -124*v + 86496 = 10360. Does 9 divide v?
False
Suppose -3*y + 15 = -3*j, 0 = 15*j - 16*j + 4*y - 20. Suppose 22*m - 31*m + 2052 = j. Does 19 divide m?
True
Let k(l) = 481*l + 4581. Is k(78) a multiple of 251?
False
Let i = -140 - 10. Does 29 divide 200/i + (-1034)/(-6)?
False
Let f = 7128 - 4541. Is 9 a factor of f?
False
Let h(g) = g + 1. Let y be h(1). Suppose 273 = 3*m + 2*o - 103, 0 = m + 3*o - 137. Is m/3 + y/(-3) a multiple of 4?
True
Let m(u) = 4*u**2 - 6*u. Let s be m(-2). Suppose s = -3*n + 142. Is 38 a factor of n?
True
Let c(o) = 22*o + 68. Let y be (-19)/(-1)*(8/2 - 3). Is c(y) a multiple of 18?
True
Let c be 166/8 + 10 + (-210)/24. Is 10362/c + (-9)/(-1) a multiple of 32?
True
Let s = -1405 - -660. Let j = 1290 + s. Does 9 divide j?
False
Let o(q) = 20*q - 101. Let j be o(21). Let t = j + -64. Does 15 divide t?
True
Let y(v) = 3*v - 52. Let h(o) = o - 17. Let l(g) = -7*h(g) + 2*y(g). Let s be l(18). Is 12 a factor of ((608/s)/4)/((-4)/18)?
True
Let g = -55 - -44. Let l be 44/g*37/4. Let d = 79 + l. Is d a multiple of 7?
True
Let k be 16*25/(-10)*1/(-1). Suppose -3*t + k = 4*u, -4*t + 3*u - 2*u = -28. Let h(j) = -j**3 + 8*j**2 + j - 1. Does 3 divide h(t)?
False
Let i(v) = -2*v + 98. Does 17 divide i(14)?
False
Let d(y) = 11*y**2 - 11*y + 3. Suppose 0 = 7*q - 6*q - 8. Suppose 3*h = q + 1. Is d(h) a multiple of 16?
False
Let u(t) = 3*t + 41. Let j be u(-12). Suppose j*s = -2*h + 129, h - 5*s + 263 = 5*h. Is h a multiple of 5?
False
Let f(u) = -u**3 + 42*u**2 + 107*u - 110. Does 14 divide f(33)?
False
Suppose -5280 = -3*r - 8*r. Let p = 1196 - r. Is 35 a factor of p?
False
Let s(u) = -36*u - 18. Suppose p = -q - 7, -3*p + 6*p + q + 23 = 0. Does 10 divide s(p)?
True
Let i be 5 + -5 + 0 + 14 + -8. Does 33 divide (1520 + 2)/(i + 3 + -7)?
False
Is 57 a factor of (-14*10/(-280))/(1/1140)?
True
Is 5 a factor of ((-105156)/(-12))/((-48)/(-16))?
False
Let x = 14652 + -6526. Does 51 divide x?
False
Suppose 0 = -s - 3 + 6. Suppose 7 = 4*i - s*i. Suppose -2*f - 4*r + 100 = 0, -23 = -4*r - i. Is f a multiple of 6?
True
Does 227 divide 11*3115 - (8 + -1)*(-150)/(-175)?
False
Let g(d) = 9*d**2 - 18*d + 6. Let j be g(5). Suppose -2*l + 3*l - 69 = 0. Let w = j - l. Does 12 divide w?
True
Suppose -223 = a + 4*v, 12*v = 5*a + 13*v + 1210. Let u = a + 332. Does 5 divide u?
False
Suppose 190 = -894*k + 895*k. Is k a multiple of 19?
True
Suppose 5*w = -r - 756, 4*r - w - 3*w + 2976 = 0. Let y = -531 - r. Is y a multiple of 43?
True
Let l = -6 + -29. Is (-2681)/l + (-4)/(-10) a multiple of 7?
True
Let r(u) = 116*u**2 - 25*u + 29. Is r(5) a multiple of 4?
True
Let i be (1 - -19)*(-12)/(-16). Let d be 6/(-30) + 258/i. Suppose -3*q + 67 = -d. Is 17 a factor of q?
False
Suppose 1474200 = 2935*w - 2857*w. Does 175 divide w?
True
Suppose -9 = 3*n, 0 = 2*s - 2*n - 61 - 1033. Is s a multiple of 8?
True
Let t(c) = 12*c + 293. Let g be t(-23). Suppose -g*x + 11132 = -4117. Does 69 divide x?
True
Let r = -190 + 1558. Is 8 a factor of r?
True
Suppose -21*o + 617366 = -319507. Is 105 a factor of o?
False
Let f(n) be the third derivative of 7*n**5/30 + 13*n**4/12 + 14*n**3/3 + 53*n**2. Is f(-7) a multiple of 19?
True
Let g(q) = 28*q - 104. Let k be 24/(-32)*64/(-6). Does 5 divide g(k)?
True
Let f(g) = -176*g**3 + g**2 - 1. Let a be f(-1). Suppose -18*y - 313 = 1037. Let z = y + a. Is 12 a factor of z?
False
Let v(d) = 19*d - 29. Let p be v(2). Let z = 103 - p. Does 4 divide z?
False
Suppose 2986*m - 2949*m = 385047 + 101466. Is m a multiple of 8?
False
Let a be (-15)/3 - (2 - 4). Let r(w) = -3*w - 10. Let n be r(a). Does 13 divide 1*(-10)/n*6?
False
Let a be 24/(2*4/8). Let j = -43 - -46. Let q = a + j. Is 8 a factor of q?
False
Let k(i) = -11*i + 333. Let p be k(20). Let w = -1 + p. Does 8 divide w?
True
Suppose -18446 = -27*v - 19*v. Let z be (0 + -261)/(1 + 0). Let j = v + z. Does 34 divide j?
False
Let r be 0 + (3 - 1)*(-58)/4. Let y = r + 44. Is (-2 - (-81)/y) + 4/(-10) a multiple of 3?
True
Suppose -4*x = -4*t + 4836, -6054 = 8*t - 13*t + 2*x. Is 36 a factor of t?
False
Suppose 0 = -v - 10*v - 17457. Is 7 a factor of 4/10 - v*2/15?
False
Let r(g) = g**3 - 21*g**2 + 106*g - 61. Let c be r(7). Let x be (-1)/4 - 155/4. Let v = c - x. Is v a multiple of 2?
True
Let l(a) = a**2 - 15 + 251*a**3 + 4*a - 5*a - 8*a - 254*a**3. Is l(-2) a multiple of 3?
False
Let n = 64 + -57. Suppose -2*d + 6 = 0, 3*t - n*t + 31 = 5*d. Suppose 93 = 3*w + 3*c + 15, t*w = -c + 98. Does 6 divide w?
True
Let h(i) = -3*i**3 - 5*i**2 - 19*i - 34. Does 2 divide h(-5)?
False
Suppose -q + 4*q - 102 = 0. Let l = q - 28. Does 12 divide (2 + -51)*l/(-7)*2?
True
Let k(o) = 246*o + 577. Is 32 a factor of k(5)?
False
Let g(m) = -68*m + 2. Suppose 5*i = -3*i + 32. Let u = 3 - i. Does 7 divide g(u)?
True
Is 2*(-10 + 12535/10) a multiple of 10?
False
Suppose 2*a + 0*a + 2 = -g, 0 = -g - 5*a - 2. Let s(b) = 8*b**2 + 27*b**2 + 6*b**2 - 7 + b - 7*b + 0. Is 14 a factor of s(g)?
False
Let f(h) be the third derivative of -h**4/12 - 11*h**3/6 + 30*h**2. Let o be f(-7). Is 1/4 - (o - (-738)/(-24)) a multiple of 9?
False
Suppose 2*n + 2*b + 70 = 0, -2*n - 2*b + 82 = -4*n. Let m = n - -214. Does 8 divide m?
True
Suppose 2*s + g - 114 = 5, -s + 55 = 5*g. Is s/((2/(-4))/(4/(-8))) a multiple of 5?
True
Let n = -146 + 306. Let y = -621 + 581. Let l = y + n. Is 15 a factor of l?
True
Suppose 2*w - 566068 = -66*w + 762176. Is 9 a factor of w?
False
Let l = 1 + 15. Let q(g) = 0*g + 21 - 3*g + g**3 - l + g**2. Is 8 a factor of q(3)?
True
Is (119/21 + -6)/((-2)/5526) a multiple of 3?
True
Let w = -1 - -4. Let c be 210/945 + (-2)/9. Suppose c*y = 2*y + b - 81, w*y - 121 = -b. Is y a multiple of 10?
True
Does 13 divide 3213/162*7674/8 + 6/(-48)?
False
Let a(x) = -x**2 - 14*x - 15. Let q be a(-10). Let f be 20/q - (-130)/25. Is (f/9)/(4 - (-4028)/(-1008)) a multiple of 28?
True
Suppose 3*y + 4 = 4*b - 12, y + 7 = 3*b. Let r be (-2)/b + (11 - 8). Is 7 a factor of -84*(r - 0)/(-2)?
True
Let f be 3/(((-5)/10)/(6/18)). Is 54 a factor of 1930 + (7 - 6) + f + 4?
False
Suppose c - 2*u - 5 = 0, 2*c = -3*u - 0 - 11. Let b = 1 + 48. Let r = b + c. Does 8 divide r?
True
Let g(y) = -2*y**2 + 94 - 38*y - 3*y - 44*y. Is 8 a factor of g(-42)?
True
Suppose 117*g + 38 = 119*g. Suppose 150 = c - g. Is c a multiple of 3?
False
Let j(n) = 49*n**2 - n - 2. Let d be (3*(-2 - (-21)/9))/1. Let u be j(d). Let v = -23 + u. Does 7 divide v?
False
Suppose 0 = -2*d + y + 9851, -d + 4918 = -86*y + 84*y. Is 16 a factor 